on divisor of t and f.
10
Suppose 5*x + 3*q - 730 = -136, -3*x - q = -358. What is the greatest common factor of x and 160?
40
Suppose -h - h = -h. Suppose 6*x - 106 - 50 = h. What is the highest common factor of x and 26?
26
Suppose -3*h = 3*o - 48, -2*o = -4*h + 5 + 65. Let x be (-86)/3 + 14/21. Let k = x - -79. What is the highest common factor of k and h?
17
Let z(q) = 2*q**2 + 11*q + 4. Suppose -11*j + 20 = -6*j. Suppose j*v - 24 = v. Let a be z(v). What is the greatest common divisor of 20 and a?
20
Suppose -172*k + 177*k = 1305. What is the greatest common factor of 9 and k?
9
Let o be -1*4 - 2/((-8)/52). Calculate the greatest common factor of o and 18.
9
Let u(n) = -n - 11. Let j be u(10). Let a = 26 + j. Let g = a - 2. Calculate the highest common divisor of 6 and g.
3
Let a = 387 - 260. Let q = -1 + a. Suppose j - 14 = 136*m - 134*m, 0 = -3*j + m + 42. Calculate the greatest common factor of j and q.
14
Suppose 5*h - 1744 = 3*m, 2*h - 1390 = -2*h + 5*m. Suppose 698 + h = 4*j + 4*p, -p = -3*j + 794. Calculate the greatest common factor of 33 and j.
33
Let m(j) = 189*j**2 - 23*j. Let f be m(3). What is the highest common factor of f and 102?
102
Let x(n) be the second derivative of n**3 - n. Let v be x(6). Calculate the highest common divisor of 144 and v.
36
Let d = -2720 + 2818. Let f be 4/(-14) - (-200)/14. Calculate the highest common divisor of d and f.
14
Suppose -g - 1 = -z + 10, 29 = 2*z + 5*g. Calculate the greatest common factor of z and 36.
12
Let r(p) = 12*p - 4. Let g be r(3). Suppose 3*h + 16 = 28. What is the greatest common factor of g and h?
4
Let t = -96 + 73. Let a = t - -39. Suppose 2*q - 12 = -b + 2, 5*q + 4*b - 32 = 0. Calculate the highest common divisor of a and q.
8
Let v = 28 + -22. Let m be (-34)/(-4) + v/12. What is the greatest common factor of 9 and m?
9
Let t(d) = 6*d + 41. Let x be t(4). What is the greatest common divisor of 520 and x?
65
Let d be 5/((-4)/(-24)*(-2 + -1)). Let j be -1 + (1 - 0 - d). Calculate the greatest common divisor of j and 5.
5
Let d = 242 - 203. Let i be (-4)/(-10) + 516/10. Calculate the highest common factor of d and i.
13
Let t = -70 - -75. Suppose q = -5*r + 222, 142 = 5*r - 2*r + t*q. Calculate the highest common divisor of r and 11.
11
Suppose 6232 = -10*v + 18*v. Calculate the greatest common factor of 19 and v.
19
Let i(m) = m. Let f(n) = n**3 + 2*n**2 - n + 2. Let d(j) = -f(j) - 3*i(j). Let b = 319 + -322. Let h be d(b). Calculate the highest common divisor of 117 and h.
13
Suppose x - 331 = 4*s - 6*s, -x - 5*s = -331. Let d = x - 151. Let t(o) = o**2 - 2*o - 4. Let i be t(6). What is the greatest common factor of i and d?
20
Suppose 2*q = -5*c + 71, 3*q + 7 = c + q. Let g = 2 + c. What is the highest common divisor of 120 and g?
15
Let c be (0/1)/(3 - 4). Suppose -3*j + 4*z + 1993 = 0, 5*z = -4*j + 2*j + 1298. Suppose 4*o + 147 - j = c. Calculate the greatest common factor of 16 and o.
16
Let s(i) = i**2 + 4*i + 5. Let y be s(0). Suppose 8 = 4*p + 4*m, 6 = 2*p - 5*m - y. Calculate the greatest common divisor of p and 1.
1
Let h(c) = -5*c - 6. Let b be h(-5). Suppose -16*m - 39 = -b*m. Calculate the greatest common factor of m and 117.
13
Let p be 140/44 - (-4)/(-22). Suppose 5*d + 17 = -2*a, 1 = -a - p*d - 10. What is the highest common divisor of 4 and a?
4
Suppose -c - 78 = 124. Let o = c - -84. Let l = -28 - o. Calculate the highest common divisor of 10 and l.
10
Suppose 28*d - 176 = 412. What is the highest common divisor of 168 and d?
21
Suppose -6*c + 8 = -2*c. Suppose 43 = p + 3*u, c*p - 116 - 10 = 2*u. Calculate the greatest common factor of p and 145.
29
Suppose 4*o - o + 24 = 3*g, o - 14 = -g. Calculate the highest common divisor of 539 and g.
11
Let v be 8*(-10)/60*-27. Let z = -171 - -279. What is the highest common divisor of v and z?
36
Let p be (-1 - 216)*(-152)/532. What is the highest common divisor of p and 961?
31
Suppose 403*t = 442*t - 1950. What is the greatest common factor of t and 30?
10
Let o be (6 - 4)/((-2)/3). Let j(b) = -2*b**3 - b - 3. Let n be j(o). Let c be (-3 - -39) + 0 + 0. Calculate the highest common divisor of c and n.
18
Suppose j = 3*b + 19, 3*j = b - 6*b - 13. Let p(s) = 2*s**2 - 5*s - 3. Let l be p(j). Let a = -12519 + 12528. What is the highest common factor of a and l?
9
Let s(l) be the first derivative of l**3/3 + 5*l**2 + 4*l - 7. Let i be s(-10). Suppose -20 = -i*k + 3*k. What is the greatest common factor of 8 and k?
4
Let x be -3*(-1)/(-3)*8. Let z = -9 - x. Let i be 2 + (3 + -2)*z. What is the highest common divisor of i and 7?
1
Let g be (-2 - 5) + -3 + 7. Let v = 47 + -11. Let k = g + v. What is the greatest common factor of k and 22?
11
Suppose -74*f = 89 - 2753. Suppose 0 = -0*d - d + 4. Let n be 2/4 - (-34)/d. Calculate the highest common factor of n and f.
9
Suppose 4*v = -3*a + 64, -70 = 2*v - 3*a - 102. What is the highest common divisor of 108 and v?
4
Let w = -58 + 79. Let r be 2/(-13) - (-17488)/104. Calculate the greatest common factor of r and w.
21
Suppose 7*o = 6*o - 41. Let s = -21 - o. Calculate the highest common factor of s and 30.
10
Let y = -76 - -364. Let x be 30/70 + 1/(14/y). Calculate the greatest common divisor of x and 63.
21
Suppose -9 = 5*a - 2*a. Let l be 123 + a*4/(-6). What is the greatest common factor of 25 and l?
25
Let g(y) = 2*y**2 - 8*y + 3. Let a(v) = v**3 - 19*v**2 + v - 14. Let f be a(19). Let k be g(f). What is the greatest common factor of k and 65?
13
Let y = -171 + 303. Let l be -402 + 0*(-4)/(-16). Let a be 4/(-22) - l/33. Calculate the greatest common divisor of a and y.
12
Suppose -10*x = -5*x - 105. Let m be (36/x)/(7/49). What is the highest common factor of m and 30?
6
Suppose 5*x = -2*r + 14, -2*x = -4*r + 5*r - 5. Suppose -8*t = -x*t. Suppose -3*k = -v - t*k, 5*k + 2 = 2*v. What is the greatest common factor of 3 and v?
3
Let b = 65 - 99. Let i = 38 + b. Calculate the highest common factor of 12 and i.
4
Suppose -876*m + 872*m - f + 35 = 0, -4*f - 40 = -2*m. Suppose l - 5*j - 130 = -35, 3*l - 5*j = 295. What is the highest common factor of m and l?
10
Suppose -4*k - 212 = -o - 0*o, -3*k + 3 = 0. What is the highest common divisor of o and 378?
54
Suppose -3*y + 73 + 8 = 3*n, -4*n - 3*y + 113 = 0. Calculate the greatest common factor of 1184 and n.
32
Suppose -k + 9 = k - 3*r, -3*k = -3*r - 9. Suppose k = 8*q + 115 - 907. What is the greatest common divisor of 11 and q?
11
Let q = 53 + -56. Let j(b) = -b**2 - 7*b - 6. Let p be j(q). What is the greatest common divisor of 30 and p?
6
Let u(r) = -3*r**2 + 28*r - 31. Let d be u(7). What is the greatest common divisor of d and 150?
6
Let l(r) = 44*r + 55. Let s be l(9). What is the greatest common divisor of 22 and s?
11
Let n(w) = 3*w**2 - 18*w + 53. Let t be n(5). Calculate the highest common divisor of 38 and t.
38
Suppose 5*x - 105 = 75. Calculate the greatest common divisor of x and 72.
36
Suppose 12 = 4*g - 2*g - 4*h, 2*h = 4*g. Let d be 3 + g - (5 + -13). What is the greatest common divisor of 72 and d?
9
Suppose -4*v = 3*y - 884, -264 - 920 = -4*y - 4*v. Suppose 4*o = -o + y. Calculate the greatest common divisor of 24 and o.
12
Let d be -3 + -1 + 2 + (186 - -3). Let s be 13 + (3 - (-4)/4). What is the highest common factor of d and s?
17
Let l(i) = -i**3 + 8*i**2 + 6*i - 9. Let r be l(5). Let j = -27 + 39. What is the highest common factor of j and r?
12
Suppose 34*f - 1374 = 5970. Calculate the highest common factor of f and 144.
72
Let s(y) = y - 12. Let h be s(6). Let t be (-1 - 1 - h)*119/14. Calculate the highest common factor of 51 and t.
17
Let l(t) = 3*t**2 + 3*t. Suppose 0 = 5*j + 2*u + 21, 5*j + 19 + 5 = -3*u. Let d be l(j). Calculate the greatest common factor of d and 36.
18
Let o(q) = -7*q**3 - 4*q**2 + q + 7. Let v be o(-2). What is the highest common divisor of v and 90?
45
Let n = -8 + 18. Suppose -4*o + 85 - 249 = 0. Let h = 69 - o. What is the highest common factor of h and n?
10
Suppose -916 = -4*x - 896. Let b be (-2 - -1)/(1*-1). Calculate the greatest common divisor of b and x.
1
Let l be (-9)/(94/20 - 5). Let y = l - 14. What is the highest common divisor of y and 24?
8
Suppose 4*f - 5*f - 2*l = -186, 3*f - l - 544 = 0. Let u = 29 - 3. Calculate the highest common factor of u and f.
26